f(q) = -2*q + 9. Let b(j) = 7*j - 26. Let g(t) = -6*b(t) - 17*f(t). Is g(-4) a prime number?
False
Let y(o) be the first derivative of -o**3/3 + 3*o**2 + 11*o - 1. Let t be y(8). Is 73/5 - 2/t prime?
False
Suppose 0 = 6*k - 9*k + 171. Is k a prime number?
False
Suppose -11*s = -2778 - 2491. Is s prime?
True
Let m(j) = -316*j - 4 - 2 + 4 + 1. Is m(-2) a prime number?
True
Suppose -5*o - 7*g + 3*g = -2257, 5*o - 2*g = 2239. Is o a composite number?
False
Let b = 103 - 29. Let m = b - 39. Is m composite?
True
Suppose f + 1 - 3 = 0. Suppose f*x + 333 = 5*x. Is x prime?
False
Let u(x) = -x**2 + 2*x + 6. Let a be u(0). Suppose -a*b = -5*b - 37. Is b prime?
True
Suppose -4*s + k - 211 - 342 = 0, 5*s + 5*k = -685. Is s*(4/6)/(-2) a composite number?
True
Let z(p) = 107*p**2 + p + 1. Is z(1) a composite number?
False
Let h(b) = 4*b + 9. Let w = 4 - -3. Is h(w) a composite number?
False
Suppose 3*y - 4 = -1. Suppose 5*j - y = 4*t + 3, 3*j - 2*t = 4. Suppose -2*u + j*u - 28 = 0. Is u a prime number?
False
Suppose 5*r - 5 = -2*t + 7*t, 2*r - 2 = t. Let z be (t*2/4)/(-2). Suppose 3*d - 285 = -z*d. Is d composite?
True
Let q(x) = 3*x**2 - 5*x + 3. Is q(10) a prime number?
False
Let n = -371 + 621. Suppose -2*p + 2*i = -2*i - n, -3*p - 2*i + 391 = 0. Is p composite?
True
Let g = 0 - -6. Is 766/22 - g/(-33) composite?
True
Is 159/6*4 - -3 a composite number?
False
Suppose 0 = -c + 9 - 0. Suppose -4*s = -15 - c. Is s prime?
False
Let l(j) = -6*j + 6. Suppose 3*n = 7*n + 40. Let i be l(n). Let q = i - 8. Is q composite?
True
Suppose -6*j = -j. Suppose -4*w - 1 + 5 = j. Is (2 - w)/((-2)/(-154)) a prime number?
False
Let b(t) = t**3 - 5*t**2 + 6*t - 4. Let s be b(4). Is s/(8/(-149))*-2 prime?
True
Suppose -2*q = -317 - 857. Is q a prime number?
True
Let r(i) = -14*i + 3. Let a(b) = b**2 + b - 1. Suppose 2 = -5*v + 22. Let z(l) = v*a(l) + r(l). Is z(9) a composite number?
False
Suppose -5*w = -395 - 940. Is w a composite number?
True
Suppose -10 = 5*a, -3*s + 5*a = -2*s - 12. Suppose 0 = -3*k - 0*k - 5*j + 12, -s*j = 0. Suppose -k*v = -r - 508, -4*v - 5*r + 508 = -0*r. Is v composite?
False
Suppose -27 = -n + 2*b, -85 = -3*n + b + 21. Suppose -2*d - 131 = -4*i + 3*d, 3*d - n = -i. Is i a composite number?
True
Suppose 4*l - 25 = -5. Suppose -l*d + 519 = m, 0*m = -2*m + 8. Is d composite?
False
Suppose -6 = 2*w, -5*w - 104 = m + 50. Let n = m - -432. Suppose -u = -0*u - n. Is u prime?
True
Suppose -2*x + 473 + 2045 = 0. Is x a composite number?
False
Let m(s) = 85*s - 1. Is m(6) a composite number?
False
Suppose -4*h + 911 = -337. Let g be (1/(-1))/((-1)/(-77)). Let b = h + g. Is b a prime number?
False
Suppose -2*y + 532 = 2*y. Is y composite?
True
Suppose -5*h + 2136 = 81. Let f = 6 - 10. Is h/7 - f/14 a prime number?
True
Let v be (1 + -4 - -1) + 4. Is v - (-3 + -104 + -2) composite?
True
Let z be 4/6 - 17/3. Suppose -27 = 6*s + 63. Is (-168)/z + (-6)/s composite?
True
Suppose -r = -2*r + 43. Let q = 120 - r. Is q prime?
False
Let i = 237 - 111. Let q = 213 - i. Is q prime?
False
Let y be 26/(2 + (-4)/4). Let f = 43 + y. Is f prime?
False
Let b(x) = x**2 + 5*x - 3. Let v be b(-5). Is (94/(-6))/(v/9) a composite number?
False
Let c(b) = 4*b**2 - 5*b - 6. Let d be c(6). Suppose -141 - d = -3*z. Is z a composite number?
False
Suppose 0 = -m - 3*m + 3*w + 1437, -3*m + 1080 = -3*w. Let u = m + -33. Suppose 5*v - 131 = u. Is v prime?
False
Let w(x) = 2*x**3 - x**2 + 3*x - 5. Let q = -1 + 5. Is w(q) prime?
False
Let q be -1 + 7/((-7)/(-6)). Suppose 0 = 4*l - q*l + 67. Is l a prime number?
True
Suppose -5*t - 4 = -t. Let d = t + 12. Is d composite?
False
Suppose 0 = -0*z - 3*z + 5*b + 1961, 5 = -5*b. Suppose 3*t + 5 = -1, -z = -4*i + 4*t. Is i composite?
True
Suppose 0 = 4*r - 6*r + 4. Suppose 0 = -2*x - r*c + 5*c + 26, -3*x + c + 53 = 0. Suppose 0 = -5*t + x + 46. Is t a prime number?
True
Let m(a) = -42*a - 73. Is m(-25) prime?
True
Let y(r) = -r**3 + 5*r**2 - r + 2. Let d be y(5). Let f = 3 + d. Suppose 3*h - 111 = -f*h. Is h prime?
True
Suppose -4*m - 4*l = -2782 + 318, -5*m + 3059 = -2*l. Is m a composite number?
False
Let q(b) = -30*b - 32. Is q(-11) a composite number?
True
Let v(s) = s**2 - 4*s - 7. Suppose 0 = 2*x + 2*x - 20. Let f be v(x). Let o = f - -6. Is o a composite number?
True
Is (1*-1)/((-2875)/(-719) + -4) prime?
True
Let w = 54 - 30. Suppose 4*k = -0 + w. Is k prime?
False
Suppose -395 = -6*l + l. Is l a composite number?
False
Let h = -8 - -5. Let p be h/(1 - (-5)/(-2)). Suppose -p*a + 4*u - 121 = -5*a, 4*u - 27 = -a. Is a a prime number?
True
Let b(f) = -f**3 + 3*f**2 + 2*f - 2. Let h be b(3). Suppose -4*t + 0*t - 2*d + 202 = 0, 3*t - 139 = -h*d. Is t a prime number?
True
Let u = -57 - 17. Suppose -h + 4*h - 6 = 0. Is h/(144/u - -2) prime?
True
Let l be 18/(-3) + -1 + 3. Let x = l - -7. Is x composite?
False
Let s = 632 + -325. Is s prime?
True
Let u(g) = -g**3 - 7*g**2 - 8*g - 3. Is u(-7) prime?
True
Let y(t) = -42*t. Let k = -6 - -1. Let d be y(k). Suppose d + 26 = 4*o. Is o prime?
True
Let i be -1 - 0 - (-32 + -4). Suppose 5*x - 2*y = i, -29 - 1 = -x + 5*y. Suppose x*g - 175 = l, -3*l = -3*g + 47 + 58. Is g prime?
False
Let s = -81 + 150. Suppose -o - 4*h + s = 0, -h = o + 3*o - 351. Is o a composite number?
False
Suppose 0 = -5*l + 5420 + 1695. Is l prime?
True
Let m(l) = l**3 + 6*l**2 - 9*l - 5. Let j(w) = -w**3 - 4*w**2 + 5*w - 7. Let f = 2 - 7. Let t be j(f). Is m(t) composite?
True
Suppose 12 = -0*k + 3*k. Is 222/k*2/3 composite?
False
Let r(z) = 3*z**2 - z + 0 + 9 - 2*z**2. Let y be r(0). Let x = y - -12. Is x prime?
False
Suppose 4*x - 366 = 3*i - 75, 5*i - 182 = -3*x. Is x a composite number?
True
Let g be (-2)/5 + 156/15. Suppose -2*x + 0 = -g. Suppose -x*z + 1015 = -0*z. Is z a composite number?
True
Suppose -435 = -4*v - h + 212, -3*v = 2*h - 479. Is v a prime number?
True
Suppose 3*j - 1286 = -c, -j = -c + 5*c - 5144. Is c a prime number?
False
Let d(s) = s**2 - 8*s + 3. Let k be d(8). Suppose -k*h - 5*a + 941 = 0, 0 = -a - 1 + 5. Is h composite?
False
Let f be 1 - -1 - (-2 - 1). Suppose -2*r = -f - 101. Is r composite?
False
Suppose -n = -l - 3, -6 - 3 = -l - 3*n. Suppose 0 = x - l*x + 9. Let z = x + 40. Is z composite?
False
Suppose -2*y = -4*i + 16, -5*i = 4*y - 2*y - 29. Suppose -86 = 4*h + y*f - 314, 3*h + 2*f - 173 = 0. Is h prime?
False
Suppose -5*a + 13 = -7, 0 = 4*m + 4*a + 444. Let z = m + 249. Is z prime?
False
Suppose 6*j = -3*c + j + 8681, -2*j + 8669 = 3*c. Is c prime?
True
Suppose 5*f - 11 = -51. Let i = -16 - f. Let u = i + 18. Is u a prime number?
False
Let y(h) be the third derivative of h**4/24 + 11*h**3/6 + 3*h**2. Is y(0) composite?
False
Let u = -315 - -528. Suppose -u = -d - 54. Is d a composite number?
True
Let p be (4/(-6))/((-4)/216). Let w = 29 + p. Is w a composite number?
True
Let s(p) = -14*p - 25. Is s(-13) a prime number?
True
Let a = 25 + 532. Is a a composite number?
False
Let s(d) be the first derivative of d**4/4 - 7*d**3/3 + 4*d**2 - 5*d + 1. Is s(6) composite?
False
Let p be (-3*19/(-3))/1. Suppose -2*b + p + 19 = 0. Is b composite?
False
Let b(m) = -3*m**3 - 6*m**2 + 2*m - 1. Let s(f) = -4*f**3 - 5*f**2 + f - 1. Let q(z) = -3*b(z) + 2*s(z). Let c = -23 - -15. Is q(c) prime?
False
Let z(o) = o + 16. Let b be z(-11). Suppose -3*u + b*x = 4*x - 659, 3*u - 3*x = 651. Is u prime?
False
Suppose 0 = 9*t - 4*t. Suppose t = -u - u + 50. Is u prime?
False
Suppose -4 + 2 = -y + 2*l, 4*y - 4 = 4*l. Suppose y = 2*j - 144 - 74. Is j a prime number?
True
Suppose -4*q - p = 401, -101 = -q + 2*q + p. Let h = -47 - q. Is h composite?
False
Let j = -18 + 10. Let o = j - -14. Let m(b) = -b**3 + 5*b**2 + 7*b - 2. Is m(o) prime?
False
Suppose 0*c - 895 = -5*c. Is c a composite number?
False
Let a be 2 - 4 - (1 - 1). Let b be (0 + 6)/(a/(-7)). Suppose 4*k - b = -3*y + 44, -3*y - 33 = -3*k. Is k composite?
True
Let n(i) be the first derivative of 64*i**3 + i**2 + i + 5. Is n(-1) a composite number?
False
Let l(h) = 63*h**3 - 4*h**2 + 13*h - 31. Is l(4) a composite number?
False
Let y(t) = t**2 - t + 4. Suppose -5*z = -3*z + 5*b + 25, 2*b + 10 = 2*z. Let h be y(z). Is h/10 + 1092/20 a composite number?
True
Suppose -3*w + 37 = 4*z - 97, 0 = w - 2*z - 28. Is w prime?
False
Is (-10048)/(-24) + (-1)/(-3) a prime numb